
{"id":33,"date":"2019-07-03T12:08:06","date_gmt":"2019-07-03T12:08:06","guid":{"rendered":"https:\/\/migra-tude.msh-vdl.fr\/?page_id=33"},"modified":"2019-10-15T07:16:58","modified_gmt":"2019-10-15T07:16:58","slug":"mentions-legales","status":"publish","type":"page","link":"https:\/\/migra-tude.msh-vdl.fr\/?page_id=33","title":{"rendered":"Mentions l\u00e9gales"},"content":{"rendered":"<div id=\"mentions-legales\">\n<p><b>Responsable \u00e9ditorial<br \/>\n<\/b>Genevi\u00e8ve GUETEMME<br \/>\nLaboratoire REMELICE<br \/>\nUniversit\u00e9 d&rsquo;Orl\u00e9ans<br \/>\nCh\u00e2teau de la Source<br \/>\nAvenue du Parc Floral<br \/>\nBP 6749<br \/>\n45067 Orl\u00e9ans C\u00e9dex 2<\/p>\n<h1>Donn\u00e9es personnelles et informations nominatives<\/h1>\n<p>Les donn\u00e9es personnelles recueillies sur le site r\u00e9sultent de la communication volontaire d&rsquo;une adresse de courrier \u00e9lectronique lors du d\u00e9p\u00f4t d&rsquo;un message \u00e9lectronique ou de l&rsquo;abonnement \u00e0 la lettre d&rsquo;information.<br \/>\nLes courriels ainsi recueillis ne servent qu&rsquo;\u00e0 transmettre les \u00e9l\u00e9ments d&rsquo;informations demand\u00e9s.<\/p>\n<p>Conform\u00e9ment \u00e0 l&rsquo;article 34 de la Loi \u00ab\u00a0Informatique et Libert\u00e9s\u00a0\u00bb n\u00b0 78-17 du 6 janvier 1978, modifi\u00e9e le 6 ao\u00fbt 2004, vous disposez d&rsquo;un droit d&rsquo;acc\u00e8s, de modification, de rectification et de suppression des donn\u00e9es qui vous concernent.<\/p>\n<p>Vous pouvez l&rsquo;exercer sur simple demande \u00e9crite \u00e0 l&rsquo;adresse suivante :<\/p>\n<div class=\"adresse\">Maison des Sciences de l\u2019Homme Val de Loire &#8211; USR 3501<br \/>\n33 All\u00e9e Ferdinand de Lesseps<br \/>\nBP 60449 &#8211; 37204 TOURS cedex 03<\/div>\n<h1>L\u00e9gislation<\/h1>\n<p>En application de la loi du 11 mars 1957 (art. 41) et du code de la propri\u00e9t\u00e9 intellectuelle du 1er juillet 1992, toute reproduction partielle ou totale \u00e0 usage collectif est strictement interdite sans autorisation de la Maison des Sciences de l\u2019Homme Val de Loire.<\/p>\n<h1>Mise \u00e0 jour<\/h1>\n<p>La mise \u00e0 jour du site est r\u00e9alis\u00e9e quotidiennement par le personnel de la MSH Val de Loire &#8211; USR 3501.<br \/>\nContact responsable technique : Jorge FINS, <a href=\"mailto:fins@univ-tours.fr\">fins@univ-tours.fr<\/a><\/p>\n<h1>H\u00e9bergement<\/h1>\n<div class=\"adresse\">Universit\u00e9 de Tours<br \/>\nDirection des Technologies de l&rsquo;Information et de la Communication (DTIC)<br \/>\n60 rue du Plat d&rsquo;Etain BP 12050<br \/>\n37020 TOURS CEDEX 1<br \/>\n<a href=\"mailto:service.informatique@univ-tours.fr\">service.informatique@univ-tours.fr<\/a><\/div>\n<h1>R\u00e9alisation<\/h1>\n<p>Atelier Num\u00e9rique de la MSH Val de Loire<br \/>\nPropuls\u00e9 par WordPress<\/p>\n<\/div>\n","protected":false},"excerpt":{"rendered":"<p>Responsable \u00e9ditorial Genevi\u00e8ve GUETEMME Laboratoire REMELICE Universit\u00e9 d&rsquo;Orl\u00e9ans Ch\u00e2teau de la Source Avenue du Parc Floral BP 6749 45067 Orl\u00e9ans C\u00e9dex 2 Donn\u00e9es personnelles et informations nominatives Les donn\u00e9es personnelles recueillies sur le site r\u00e9sultent de la communication volontaire d&rsquo;une adresse de courrier \u00e9lectronique lors du d\u00e9p\u00f4t d&rsquo;un message \u00e9lectronique ou de l&rsquo;abonnement \u00e0 la &hellip; <\/p>\n<p class=\"link-more\"><a href=\"https:\/\/migra-tude.msh-vdl.fr\/?page_id=33\" class=\"more-link\">Continuer la lecture<span class=\"screen-reader-text\"> de &laquo;&nbsp;Mentions l\u00e9gales&nbsp;&raquo;<\/span><\/a><\/p>\n","protected":false},"author":1,"featured_media":0,"parent":0,"menu_order":0,"comment_status":"closed","ping_status":"closed","template":"","meta":{"_acf_changed":false,"h5ap_radio_sources":[],"footnotes":""},"class_list":["post-33","page","type-page","status-publish","hentry"],"acf":[],"_links":{"self":[{"href":"https:\/\/migra-tude.msh-vdl.fr\/index.php?rest_route=\/wp\/v2\/pages\/33","targetHints":{"allow":["GET"]}}],"collection":[{"href":"https:\/\/migra-tude.msh-vdl.fr\/index.php?rest_route=\/wp\/v2\/pages"}],"about":[{"href":"https:\/\/migra-tude.msh-vdl.fr\/index.php?rest_route=\/wp\/v2\/types\/page"}],"author":[{"embeddable":true,"href":"https:\/\/migra-tude.msh-vdl.fr\/index.php?rest_route=\/wp\/v2\/users\/1"}],"replies":[{"embeddable":true,"href":"https:\/\/migra-tude.msh-vdl.fr\/index.php?rest_route=%2Fwp%2Fv2%2Fcomments&post=33"}],"version-history":[{"count":2,"href":"https:\/\/migra-tude.msh-vdl.fr\/index.php?rest_route=\/wp\/v2\/pages\/33\/revisions"}],"predecessor-version":[{"id":201,"href":"https:\/\/migra-tude.msh-vdl.fr\/index.php?rest_route=\/wp\/v2\/pages\/33\/revisions\/201"}],"wp:attachment":[{"href":"https:\/\/migra-tude.msh-vdl.fr\/index.php?rest_route=%2Fwp%2Fv2%2Fmedia&parent=33"}],"curies":[{"name":"wp","href":"https:\/\/api.w.org\/{rel}","templated":true}]}}

Mentions légales

<div id="mentions-legales">
<p><b>Responsable éditorial<br />
</b>Geneviève GUETEMME<br />
Laboratoire REMELICE<br />
Université d&rsquo;Orléans<br />
Château de la Source<br />
Avenue du Parc Floral<br />
BP 6749<br />
45067 Orléans Cédex 2</p>
<h1>Données personnelles et informations nominatives</h1>
<p>Les données personnelles recueillies sur le site résultent de la communication volontaire d&rsquo;une adresse de courrier électronique lors du dépôt d&rsquo;un message électronique ou de l&rsquo;abonnement à la lettre d&rsquo;information.<br />
Les courriels ainsi recueillis ne servent qu&rsquo;à transmettre les éléments d&rsquo;informations demandés.</p>
<p>Conformément à l&rsquo;article 34 de la Loi « Informatique et Libertés » n° 78-17 du 6 janvier 1978, modifiée le 6 août 2004, vous disposez d&rsquo;un droit d&rsquo;accès, de modification, de rectification et de suppression des données qui vous concernent.</p>
<p>Vous pouvez l&rsquo;exercer sur simple demande écrite à l&rsquo;adresse suivante :</p>
<div class="adresse">Maison des Sciences de l’Homme Val de Loire &#8211; USR 3501<br />
33 Allée Ferdinand de Lesseps<br />
BP 60449 &#8211; 37204 TOURS cedex 03</div>
<h1>Législation</h1>
<p>En application de la loi du 11 mars 1957 (art. 41) et du code de la propriété intellectuelle du 1er juillet 1992, toute reproduction partielle ou totale à usage collectif est strictement interdite sans autorisation de la Maison des Sciences de l’Homme Val de Loire.</p>
<h1>Mise à jour</h1>
<p>La mise à jour du site est réalisée quotidiennement par le personnel de la MSH Val de Loire &#8211; USR 3501.<br />
Contact responsable technique : Jorge FINS, <a href="mailto:fins@univ-tours.fr">fins@univ-tours.fr</a></p>
<h1>Hébergement</h1>
<div class="adresse">Université de Tours<br />
Direction des Technologies de l&rsquo;Information et de la Communication (DTIC)<br />
60 rue du Plat d&rsquo;Etain BP 12050<br />
37020 TOURS CEDEX 1<br />
<a href="mailto:service.informatique@univ-tours.fr">service.informatique@univ-tours.fr</a></div>
<h1>Réalisation</h1>
<p>Atelier Numérique de la MSH Val de Loire<br />
Propulsé par WordPress</p>
</div>

<p>Responsable éditorial Geneviève GUETEMME Laboratoire REMELICE Université d&rsquo;Orléans Château de la Source Avenue du Parc Floral BP 6749 45067 Orléans Cédex 2 Données personnelles et informations nominatives Les données personnelles recueillies sur le site résultent de la communication volontaire d&rsquo;une adresse de courrier électronique lors du dépôt d&rsquo;un message électronique ou de l&rsquo;abonnement à la &hellip; </p>
<p class="link-more"><a href="https://migra-tude.msh-vdl.fr/?page_id=33" class="more-link">Continuer la lecture<span class="screen-reader-text"> de &laquo;&nbsp;Mentions légales&nbsp;&raquo;</span></a></p>
